{"id":1875,"date":"2019-12-13T11:20:14","date_gmt":"2019-12-13T10:20:14","guid":{"rendered":"https:\/\/firca.ci\/fciad\/?page_id=1875"},"modified":"2020-01-16T19:28:50","modified_gmt":"2020-01-16T18:28:50","slug":"2e-appel-a-projets-innovants","status":"publish","type":"page","link":"https:\/\/firca.ci\/fciad\/2e-appel-a-projets-innovants\/","title":{"rendered":"2e Appel \u00e0 Projets Innovants"},"content":{"rendered":"<p>[vc_row][vc_column][vc_column_text]<\/p>\n<h2>FINANCEMENT DE PROJETS INNOVANTS PAR LE FONDS COMP\u00c9TITIF POUR L\u2019INNOVATION AGRICOLE DURABLE (FCIAD)<\/h2>\n<h3>Contexte et justification<\/h3>\n<p style=\"text-align: justify;\">A l\u2019horizon 2040, la population de la C\u00f4te d\u2019Ivoire aura d\u00e9pass\u00e9 50 millions d\u2019habitants. L\u2019agriculture ivoirienne devra \u00eatre apte \u00e0 faire face \u00e0 cette croissance d\u00e9mographique et \u00e0 nourrir toute la population. Dans un contexte de r\u00e9duction des terres disponibles pour l\u2019agriculture, de nouvelles m\u00e9thodes de production innovantes, durables et socialement responsables devraient \u00eatre adopt\u00e9es. Conscient de ces enjeux, l\u2019Etat de C\u00f4te d\u2019Ivoire a d\u00e9cid\u00e9 de la cr\u00e9ation d\u2019un Fonds pour le financement de l\u2019Innovation Agricole Durable, dans le cadre de la deuxi\u00e8me phase du 2\u00e8me du Contrat de D\u00e9sendettement et de D\u00e9veloppement (C2D). A cet effet, la C\u00f4te d\u2019Ivoire et l\u2019AFD ont sign\u00e9 le 28 avril 2016, la convention AFD N\u00b0 CCI\u00a01434 01F d\u2019affectation du programme Fili\u00e8res Agricoles Durables de C\u00f4te d\u2019ivoire (FADCI).<\/p>\n<p style=\"text-align: justify;\">Le Fonds Comp\u00e9titif pour l\u2019Innovation Agricole Durable (FCIAD), d\u2019un montant de 5 milliards de FCFA, devrait, \u00e0 travers le financement de projets de recherche appliqu\u00e9e porteurs d\u2019innovations, contribuer \u00e0 la durabilit\u00e9 des syst\u00e8mes de productions agricoles en C\u00f4te d\u2019Ivoire, sur une dur\u00e9e pilote de trois (3) ans.<\/p>\n<p style=\"text-align: justify;\">Le Fonds Interprofessionnel pour la Recherche et le Conseil Agricoles (FIRCA) a \u00e9t\u00e9 d\u00e9sign\u00e9 par le Minist\u00e8re de l\u2019Agriculture et du D\u00e9veloppement Rural (MINADER), comme agence d\u2019ex\u00e9cution technique et financi\u00e8re du FCIAD<\/p>\n<h3>Objectifs du FCIAD<\/h3>\n<p>L\u2019objectif g\u00e9n\u00e9ral du Fonds Comp\u00e9titif pour l\u2019Innovation Agricole Durable (FCIAD) est de contribuer \u00e0 l\u2019am\u00e9lioration de la production agricole, animale, halieutique et foresti\u00e8re. Il devrait stimuler, faciliter et renforcer l\u2019utilisation des innovations permettant d\u2019am\u00e9liorer ces productions.<\/p>\n<p style=\"text-align: justify;\">De fa\u00e7on sp\u00e9cifique, il s\u2019agit de financer, sur appel \u00e0 propositions, des projets de recherche appliqu\u00e9e porteurs d\u2019innovations dont la finalit\u00e9 est de\u00a0:<\/p>\n<ul>\n<li>acc\u00e9l\u00e9rer l\u2019\u00e9volution des techniques et les transferts de technologies\u2009;<\/li>\n<li>impliquer et stimuler les recherches et les innovations de tous les acteurs\u2009;<\/li>\n<li>renforcer la dynamique de d\u00e9veloppement et l\u2019utilisation de nouvelles techniques et solutions\u2009;<\/li>\n<li>d\u00e9velopper et renforcer les partenariats entre les acteurs professionnels des secteurs de la production et de la transformation et les structures de recherche et de d\u00e9veloppement.<\/li>\n<\/ul>\n<h3>Champ d\u2019application de l\u2019Appel \u00e0 Projets<\/h3>\n<p>Le pr\u00e9sent Appel \u00e0 Projets s\u2019adresse principalement aux projets de recherche-d\u00e9veloppement pr\u00e9sent\u00e9s conjointement par un ou plusieurs acteur(s) de la recherche et un ou plusieurs acteur(s) de la production ou de la transformation des produits d\u2019origines agricole, animale, halieutique et foresti\u00e8re.<\/p>\n<p style=\"text-align: justify;\">Il s\u2019agit de financer une innovation durable avec une capacit\u00e9 de transfert imm\u00e9diat de cette innovation vers le monde de la production et\/ou de la valorisation. La contribution maximale du FCIAD est de 120 millions F CFA par projet.<\/p>\n<p style=\"text-align: justify;\">Les propositions de projet devront \u00eatre dans l\u2019un ou plusieurs champs des cinq (5) th\u00e9matiques suivantes\u00a0:<\/p>\n<ol>\n<li>gestion durable de la fertilit\u00e9 des sols\u2009;<\/li>\n<li>gestion efficace de l\u2019eau\u2009;<\/li>\n<li>mise au point d\u2019itin\u00e9raires techniques innovants assurant la protection de l\u2019environnement\u2009;<\/li>\n<li>lutte contre les maladies \u00e0 parasites ou \u00e0 virus et les insectes nuisibles qui affectent l\u2019agriculture ivoirienne\u2009;<\/li>\n<li>am\u00e9lioration de la qualit\u00e9 des produits et la bonne gestion des intrants.<\/li>\n<\/ol>\n<h3>M\u00e9thode de s\u00e9lection des projets<\/h3>\n<p>Les propositions techniques et financi\u00e8res des soumissionnaires seront \u00e9valu\u00e9es par un Comit\u00e9 Scientifique et Technique. La liste des potentiels laur\u00e9ats sera approuv\u00e9e par le Comit\u00e9 de Pilotage du Fonds et publi\u00e9e avant le 15 juin 2018.<\/p>\n<h3><strong>Conditions de soumission et d\u00e9p\u00f4t des offres<\/strong><\/h3>\n<p>Peuvent faire acte de candidature au pr\u00e9sent Appel \u00e0 Projets du FCIAD, toute \u00e9quipe de recherche, d\u2019encadrement technique, de vulgarisation, tout innovateur ou inventeur, \u00e9manant des structures publiques ou priv\u00e9es nationales ou les structures internationales \u00e9tablies en C\u00f4te d\u2019Ivoire. Les structures internationales non \u00e9tablies en C\u00f4te d\u2019Ivoire peuvent \u00eatre partenaires dans un projet, mais ne peuvent pas soumissionner directement ou \u00eatre chef de file d\u2019un partenariat.<\/p>\n<p style=\"text-align: justify;\">La dur\u00e9e des projets soumis au financement du FCIAD ne peut exc\u00e9der 24 mois.<\/p>\n<p style=\"text-align: justify;\">Les actions du projet soumis \u00e0 financement doivent \u00eatre mises en \u0153uvre en C\u00f4te d\u2019Ivoire.<\/p>\n<p style=\"text-align: justify;\"><strong>Le dossier de soumission peut \u00eatre t\u00e9l\u00e9charg\u00e9 sur le site web du FIRCA : <\/strong><a href=\"http:\/\/www.firca.ci\"><strong>www.firca.ci<\/strong><\/a><strong>\/fciad<\/strong><strong>.<\/strong><\/p>\n<p style=\"text-align: justify;\">Les demandes compl\u00e8tes conformes au Dossier d\u2019Appel \u00e0 Projets doivent \u00eatre soumises dans une enveloppe scell\u00e9e, envoy\u00e9e en recommand\u00e9 ou par messagerie expresse priv\u00e9e ou remise en main propre \u00e0 l\u2019adresse indiqu\u00e9e ci-dessous.<\/p>\n<p style=\"text-align: justify;\">Les demandes envoy\u00e9es par d\u2019autres moyens (par exemple par t\u00e9l\u00e9copie ou courrier \u00e9lectronique) ou remises \u00e0 d\u2019autres adresses seront rejet\u00e9es.<\/p>\n<p style=\"text-align: justify;\">Les demandes doivent \u00eatre soumises en dix (10) exemplaires dont un (1) original et neuf (9) copies en format A4, reli\u00e9es s\u00e9par\u00e9ment. En cas de diff\u00e9renciation des exemplaires des propositions, c\u2019est l\u2019original qui fait foi.<\/p>\n<p style=\"text-align: justify;\">Le formulaire complet de demande doit \u00e9galement \u00eatre fourni sous format \u00e9lectronique (CD-ROM ou cl\u00e9 USB) dans un fichier s\u00e9par\u00e9 et unique (en d\u2019autres termes, la demande compl\u00e8te ne doit pas \u00eatre morcel\u00e9e en diff\u00e9rents fichiers). Le fichier \u00e9lectronique doit \u00eatre exactement identique \u00e0 la version papier jointe.<\/p>\n<p style=\"text-align: justify;\">L\u2019enveloppe doit porter le num\u00e9ro de r\u00e9f\u00e9rence et l\u2019intitul\u00e9 de l\u2019Appel \u00e0 Projets, la d\u00e9nomination compl\u00e8te et l\u2019adresse du demandeur-chef de file, ainsi que la mention \u00ab\u2009<strong>\u00c0 OUVRIR UNIQUEMENT EN S\u00c9ANCE DU COMIT\u00c9 DES AGR\u00c9MENTS ET DES MARCHES (CAM)\u2009\u00bb.<\/strong><\/p>\n<p style=\"text-align: justify;\">Les offres doivent parvenir au plus tard le <strong>22 mars 2018 \u00e0 15\u00a0h (GMT)<\/strong> \u00e0 l\u2019adresse suivante\u00a0:<\/p>\n<p style=\"text-align: center;\"><strong>FONDS INTERPROFESSIONNEL POUR LA RECHERCHE\u00a0ET LE CONSEIL AGRICOLES (FIRCA)<\/strong><br \/>\n01 BP 3726 Abidjan 01<br \/>\nSis, II Plateaux, 7\u00e8me Tranche<br \/>\nTel\u00a0: 22 52 81 85 \/ Fax\u00a0: 22 52 81 87<br \/>\nSite web\u00a0: <a href=\"http:\/\/www.firca.ci\/fciad\">www.firca.ci\/fciad<\/a><br \/>\nEmail\u00a0: <a href=\"mailto:fciad@firca.ci\">fciad@firca.ci<\/a> \/ <a href=\"mailto:hbrouzro@firca.ci\">hbrouzro@firca.ci<\/a><\/p>\n<p>[\/vc_column_text][\/vc_column][\/vc_row]<\/p>\n","protected":false},"excerpt":{"rendered":"<p>[vc_row][vc_column][vc_column_text] FINANCEMENT DE PROJETS INNOVANTS PAR LE FONDS COMP\u00c9TITIF POUR L\u2019INNOVATION AGRICOLE DURABLE (FCIAD) Contexte et justification A l\u2019horizon 2040, la population de la C\u00f4te d\u2019Ivoire aura d\u00e9pass\u00e9 50 millions d\u2019habitants. L\u2019agriculture ivoirienne devra \u00eatre apte \u00e0 faire face \u00e0 cette croissance d\u00e9mographique et \u00e0 nourrir toute la population. Dans un contexte de r\u00e9duction des&hellip;<\/p>\n","protected":false},"author":1,"featured_media":0,"parent":0,"menu_order":0,"comment_status":"closed","ping_status":"closed","template":"","meta":[],"_links":{"self":[{"href":"https:\/\/firca.ci\/fciad\/wp-json\/wp\/v2\/pages\/1875"}],"collection":[{"href":"https:\/\/firca.ci\/fciad\/wp-json\/wp\/v2\/pages"}],"about":[{"href":"https:\/\/firca.ci\/fciad\/wp-json\/wp\/v2\/types\/page"}],"author":[{"embeddable":true,"href":"https:\/\/firca.ci\/fciad\/wp-json\/wp\/v2\/users\/1"}],"replies":[{"embeddable":true,"href":"https:\/\/firca.ci\/fciad\/wp-json\/wp\/v2\/comments?post=1875"}],"version-history":[{"count":6,"href":"https:\/\/firca.ci\/fciad\/wp-json\/wp\/v2\/pages\/1875\/revisions"}],"predecessor-version":[{"id":2099,"href":"https:\/\/firca.ci\/fciad\/wp-json\/wp\/v2\/pages\/1875\/revisions\/2099"}],"wp:attachment":[{"href":"https:\/\/firca.ci\/fciad\/wp-json\/wp\/v2\/media?parent=1875"}],"curies":[{"name":"wp","href":"https:\/\/api.w.org\/{rel}","templated":true}]}}